-2*z = -3*r, -z - 4*r = r. Suppose z*d - 5*j = -2*d + 18, 4*d - 36 = -j. Let m = 18 + -12. Calculate the greatest common divisor of m and d.
3
Let d(b) = -b**3 - 7*b**2 + 8*b + 9. Let s be d(-9). What is the highest common divisor of 9 and s?
9
Suppose s - 95 = -18. What is the highest common divisor of 7 and s?
7
Let z(r) = r**3 + 4*r**2 - r + 2. Let d be z(-4). Suppose -2*y - 2*y + 20 = 0. Suppose 0 = -y*g + 7 + 323. Calculate the greatest common factor of g and d.
6
Suppose -y = y - 18. Let j be (-2)/3 - 30/y. Let g be (-3)/((-18)/j)*-126. What is the highest common divisor of 12 and g?
12
Let v = 8 - 3. Suppose -v*b + 5*g = -90, 5*b - 4*g - 127 = -37. Calculate the highest common divisor of 126 and b.
18
Suppose -5*u + 624 = -2*x - 0*x, 2*u - 264 = -4*x. Suppose g = -g + u. Calculate the highest common divisor of 9 and g.
9
Let n = 9 + -5. Let z(j) = j**2 + 19*j + 80. Let s be z(-5). Calculate the greatest common factor of n and s.
2
Suppose 4*j = -l + 324, -3*l + 112 - 20 = j. Calculate the highest common divisor of 200 and j.
40
Suppose f - 6*f = -45. Calculate the highest common factor of f and 3.
3
Suppose -4*f + 3*f = 0. Suppose x + 33 = 3*x + 3*z, 2*z + 2 = f. Let m = 63 - 36. What is the highest common divisor of x and m?
9
Let g(u) = -u**2 + 5*u - 1. Let m be g(4). Suppose -s + 268 = m*y, -4*s - 248 = -6*y + 3*y. What is the highest common factor of y and 8?
8
Let h = -23 - -41. Suppose 3*y - 104 = -4*f, -4*y + 152 = -0*y + 2*f. Suppose 5*w + y = 490. What is the greatest common divisor of h and w?
18
Suppose 0*t = 5*t - 105. Let p = 6 - 3. What is the greatest common factor of t and p?
3
Suppose 4*k - 70 = 110. Let s = k + -31. What is the highest common divisor of s and 70?
14
Suppose 14 = 21*c - 19*c. What is the greatest common divisor of c and 7?
7
Suppose 0 = q - 3*f - 64, 3*f - 110 = -4*q + 2*q. Let m = q + -34. Calculate the greatest common divisor of m and 12.
12
Suppose -100 = -2*g + 22. Let r = -43 + g. Calculate the greatest common factor of r and 18.
18
Let y = -110 - -132. What is the greatest common divisor of y and 44?
22
Let b be 9 - ((-6)/(-3) + -2 + -3). Let i = 24 + 60. Calculate the highest common divisor of i and b.
12
Let n be (-37)/(-5) + (-4)/10. Let s(o) be the second derivative of 4*o**3/3 + 7*o**2/2 + o. Let h be s(n). Calculate the greatest common factor of h and 7.
7
Suppose -2*x = 3*f - 74, -9*f + 13*f - 3*x = 93. Suppose -4*p + d + 73 = 4*d, 2*d = -p + 22. What is the highest common divisor of f and p?
8
Suppose r + 7 = i, -4*i + 5*r + 27 = -2. Let j be i*(1 - (-3 - -3)). What is the highest common divisor of j and 2?
2
Suppose -6*x + 442 = 34. Calculate the greatest common factor of 34 and x.
34
Suppose -3*m = -2*z - 94, -213 = -5*m + z - 54. Let s = m - 4. What is the greatest common factor of s and 28?
28
Let k(t) = 35*t**2 + 1. Let f be k(1). Let z(o) = o**3 + 3*o**2 + 2. Let l be z(-3). Suppose -2*s - l*s + f = 0. What is the greatest common factor of 9 and s?
9
Suppose 0 = -5*i - 5, 8*v - 4*v - 2*i - 62 = 0. Calculate the greatest common divisor of 255 and v.
15
Let p be 29*(-7 + 6)*-1. Calculate the highest common divisor of 29 and p.
29
Suppose 3*h - 176 = -h. What is the highest common factor of 22 and h?
22
Let x(w) = w**3 + 11*w**2 + 2*w + 23. Let i be x(-7). Calculate the greatest common divisor of 41 and i.
41
Let g be -6 + 1 + 414/18. What is the highest common factor of g and 2?
2
Suppose -2*g + 11 = i, -5*i + 35 = 4*g + g. Calculate the highest common factor of 33 and i.
3
Let o be (-658)/(-6) - (-3)/9. Let s(h) = -h**3 - 7*h**2 - 7*h + 4. Let z be s(-6). Calculate the highest common factor of z and o.
10
Let g = -1 - -3. Suppose 4*w - 2*h = -w - 679, 3*w + g*h = -401. Let k = -65 - w. Calculate the greatest common divisor of k and 10.
10
Suppose h = -2*h - 3. Let z be ((-165)/(-6) - h)*2. Suppose 15 = p + 2*j, -5*p - z = -10*p - j. What is the highest common divisor of 110 and p?
11
Suppose 50 = 2*v + l + 4*l, 3*v + 4*l - 89 = 0. Calculate the greatest common factor of 14 and v.
7
Suppose 0 = 3*x - 5*c - 0*c - 10, 0 = 4*x + 4*c + 8. Suppose x*f = 3*f - 9. Let h be 0/f + 1 - -11. Calculate the highest common factor of 2 and h.
2
Let a = -5 + 9. Suppose a*z = 3*h + 4, z = 5*h - 4*z. What is the greatest common factor of h and 20?
4
Let x be (-128)/56 - 2/(-7). Let v be (-152)/6*3/x. Calculate the greatest common factor of 57 and v.
19
Suppose 0 = 13*p - 16*p + 72. Calculate the greatest common factor of p and 36.
12
Let j be -1 + 2/(-2) - -4. Suppose -2*o = -j*f - 8, -f + 34 + 4 = 5*o. What is the highest common divisor of 35 and o?
7
Suppose -5*p + 30 + 0 = 0. Let t be (-2)/p - (-82)/3. What is the greatest common factor of 81 and t?
27
Suppose m + 3*m - 72 = 0. What is the greatest common factor of m and 18?
18
Let o = -4 + 6. Let f be (-2)/o - (-22 - 3). Suppose 3*s - 12 = f. Calculate the greatest common divisor of s and 12.
12
Suppose t + 0 - 2 = 0. Suppose o + 85 = t*o. Let i = 74 - 40. What is the greatest common factor of i and o?
17
Suppose -4*o - 3*f + 12 = -0*f, -2*o + 5*f = 20. Let v(j) = -j**3 + j**2 - j + 16. Let h be v(o). Let g = 27 - 19. What is the highest common factor of g and h?
8
Let p = 49 + -36. What is the highest common factor of p and 39?
13
Let s be ((-1)/3)/(2/(-84)). Let o = -56 + 234. Suppose k - 4*k - 5*m + o = 0, k + 5*m - 66 = 0. What is the highest common factor of k and s?
14
Suppose 0 = -3*g + 20 + 43. Suppose -3*z + 114 = 3*y, -2*y + 0*y + 111 = 3*z. Suppose -6*w + z = -w. What is the highest common divisor of g and w?
7
Let c = -20 + 33. Calculate the highest common factor of 91 and c.
13
Let c = 67 + -43. Calculate the greatest common factor of 6 and c.
6
Suppose 3 = 3*s - 2*s. Let p be (-10)/6*(0 + s). Let f(h) = -2*h + 5. Let u be f(p). What is the highest common factor of u and 45?
15
Let d be (8/(-5))/(2/(-10)). Calculate the highest common factor of 4 and d.
4
Let b be (20/6)/((-2)/(-9)). Let u be (b/9 + -1)*6. Suppose -2*l - 5*h - 2 = l, 16 = -u*h. Calculate the highest common factor of l and 12.
6
Suppose 6*l - 30 = 5*l. Let m = -13 - -28. Calculate the highest common divisor of l and m.
15
Suppose 0 = -4*f + 5*k - 2*k + 17, 5 = f - k. Let y(x) = 5 - 2 + x - f. Let i be y(2). Calculate the greatest common divisor of i and 21.
3
Suppose 0 = -3*t + 8*t - o - 250, -2*t = -4*o - 100. Suppose -a = -6*a + t. Calculate the greatest common factor of a and 30.
10
Let i(s) = s**2 - 4*s - 11. Let b(p) = -p**2 + 5*p + 10. Let n(y) = -4*b(y) - 3*i(y). Let o be n(-6). Calculate the highest common divisor of o and 7.
7
Suppose -37 - 13 = -5*i. Suppose 5*r - r = h + 80, 0 = -r - h + 20. What is the greatest common divisor of r and i?
10
Suppose 2*t - 3*u - 340 = -2*u, 3*t - 524 = 5*u. Calculate the highest common factor of t and 21.
21
Let t be (0 + 1)*54/2. Calculate the highest common factor of t and 18.
9
Let u(p) = -16*p**3 - 3*p**2 - 2*p - 1. Let h be u(-2). Suppose 5*f + h = 394. Calculate the greatest common factor of f and 11.
11
Let w(v) = -v**2 - 6*v - 4. Let x be w(-5). Suppose -4*b + 15 = -x. Calculate the greatest common divisor of 20 and b.
4
Suppose -3*u + 6 + 0 = 0. Suppose 0 = -u*z - m - 3*m + 24, 41 = 3*z + m. Calculate the highest common factor of 126 and z.
14
Suppose 0 = 2*a - 2 - 42. Suppose 0 = 5*m + 21 - 76. Calculate the highest common factor of m and a.
11
Suppose 3*v + 120 = 7*v. Let r be (-308)/(-26) + -11*(-6)/429. Calculate the highest common divisor of r and v.
6
Let b = -592 + 610. Suppose 4*i + 140 = w, -i = w + 3*w - 577. What is the highest common factor of w and b?
18
Let d be (11 - -4)/(3/2). What is the greatest common factor of d and 70?
10
Let a(x) = -4*x - 1. Let b be a(-3). Let g(j) = 22*j**2 + j - 2. Let p be g(2). What is the highest common divisor of b and p?
11
Let a be (2/1 - -5)*11. Let d = 284 - 277. Calculate the highest common factor of a and d.
7
Let r be (20/2)/(9/81). What is the greatest common divisor of r and 36?
18
Suppose 5*z - 2*c = -0*z + 32, -z + 5*c = 12. What is the greatest common divisor of z and 12?
4
Let a = 0 - 2. Let f be (-60)/(-6)*1/a. Let c(t) = t**3 + 4*t**2 - 7*t. Let q be c(f). What is the greatest common divisor of q and 4?
2
Suppose -4*w + 20 + 68 = 0. Calculate the highest